{"id":271,"date":"2023-03-11T23:35:39","date_gmt":"2023-03-11T22:35:39","guid":{"rendered":"http:\/\/eoliadorion.com\/?page_id=271"},"modified":"2023-03-11T23:51:11","modified_gmt":"2023-03-11T22:51:11","slug":"plumes","status":"publish","type":"page","link":"https:\/\/eoliadorion.com\/index.php\/plumes\/","title":{"rendered":"Blog les Plumes d\u2019Orion"},"content":{"rendered":"\n<p class=\"wp-block-paragraph\">Dans la zone Blog de ce site d&#8217;Auteur, vous y retrouverez des articles d&#8217;\u00e9critures en tout genre afin de proposer conseils et astuces \u00e0 de jeunes plumes en devenir, car j&#8217;ai moi aussi \u00e9t\u00e9 \u00e0 cette place il fut un temps. On se retrouve d&#8217;ailleurs tr\u00e8s vite pour de nouvelles aventures  dans le merveilleux monde de l&#8217;\u00e9criture alors tournons cette page&#8230;<\/p>\n","protected":false},"excerpt":{"rendered":"<p>Dans la zone Blog de ce site d&#8217;Auteur, vous y retrouverez des articles d&#8217;\u00e9critures en&#8230;<\/p>\n","protected":false},"author":1,"featured_media":0,"parent":0,"menu_order":0,"comment_status":"closed","ping_status":"closed","template":"","meta":{"_crdt_document":"","footnotes":""},"class_list":["post-271","page","type-page","status-publish","hentry"],"aioseo_notices":[],"_links":{"self":[{"href":"https:\/\/eoliadorion.com\/index.php\/wp-json\/wp\/v2\/pages\/271","targetHints":{"allow":["GET"]}}],"collection":[{"href":"https:\/\/eoliadorion.com\/index.php\/wp-json\/wp\/v2\/pages"}],"about":[{"href":"https:\/\/eoliadorion.com\/index.php\/wp-json\/wp\/v2\/types\/page"}],"author":[{"embeddable":true,"href":"https:\/\/eoliadorion.com\/index.php\/wp-json\/wp\/v2\/users\/1"}],"replies":[{"embeddable":true,"href":"https:\/\/eoliadorion.com\/index.php\/wp-json\/wp\/v2\/comments?post=271"}],"version-history":[{"count":3,"href":"https:\/\/eoliadorion.com\/index.php\/wp-json\/wp\/v2\/pages\/271\/revisions"}],"predecessor-version":[{"id":283,"href":"https:\/\/eoliadorion.com\/index.php\/wp-json\/wp\/v2\/pages\/271\/revisions\/283"}],"wp:attachment":[{"href":"https:\/\/eoliadorion.com\/index.php\/wp-json\/wp\/v2\/media?parent=271"}],"curies":[{"name":"wp","href":"https:\/\/api.w.org\/{rel}","templated":true}]}}