{"id":324,"date":"2023-08-04T21:06:32","date_gmt":"2023-08-04T19:06:32","guid":{"rendered":"http:\/\/eoliadorion.com\/?post_type=product&#038;p=324"},"modified":"2023-08-04T21:13:43","modified_gmt":"2023-08-04T19:13:43","slug":"astuces-et-conseils-volume-1","status":"publish","type":"product","link":"https:\/\/eoliadorion.com\/index.php\/produit\/astuces-et-conseils-volume-1\/","title":{"rendered":"Astuces et Conseils &#8211; Volume 1"},"content":{"rendered":"<p>Ce livre vous est propos\u00e9 par le site <a href=\"http:\/\/www.eoliadorion.com\">http:\/\/www.eoliadorion.com<\/a><\/p>\n<p>L\u2019id\u00e9e de cet ouvrage est ainsi d\u2019\u00e9veiller le jeune \u00e9crivain qui sommeille en chacun d\u2019entre nous. Afin que tout un chacun puisse vivre pleinement son r\u00eave d\u2019\u00e9criture sans restriction aucune \u00e0 part celle impos\u00e9 par soi-m\u00eame. Il suffit quelquefois de se lancer pour vivre pleinement son r\u00eave et d\u00e9buter une fabuleuse aventure que l\u2019on n\u2019aurait jamais cru pouvoir vivre si l\u2019on n\u2019avait pas pris le risque de se lancer\u2026<\/p>\n<p>Nous sommes tous des apprentis dans un art o\u00f9 personne ne devient ma\u00eetre ~ Ernest Hemingway<\/p>\n","protected":false},"excerpt":{"rendered":"<p>\u00ab Pour \u00e9crire son tout premier roman &#8211; 10 astuces &#038; conseils \u00bb d&#8217;Eolian\u00eba d\u2019Orion, est un ouvrage mis \u00e0 votre disposition sous format pdf. Il s\u2019adresse en d\u00e9finitive \u00e0 toute personne voulant se lancer dans l\u2019aventure de l\u2019\u00e9criture, sans jamais avoir os\u00e9 sauter le pas jusqu\u2019\u00e0 pr\u00e9sent.<br \/>\nVous savez quoi c\u2019est le bon moment !<\/p>\n","protected":false},"featured_media":325,"comment_status":"open","ping_status":"closed","template":"","meta":{"_crdt_document":""},"product_brand":[],"product_cat":[27],"product_tag":[],"class_list":{"0":"post-324","1":"product","2":"type-product","3":"status-publish","4":"has-post-thumbnail","6":"product_cat-ebook","8":"first","9":"instock","10":"downloadable","11":"virtual","12":"taxable","13":"purchasable","14":"product-type-simple"},"aioseo_notices":[],"_links":{"self":[{"href":"https:\/\/eoliadorion.com\/index.php\/wp-json\/wp\/v2\/product\/324","targetHints":{"allow":["GET"]}}],"collection":[{"href":"https:\/\/eoliadorion.com\/index.php\/wp-json\/wp\/v2\/product"}],"about":[{"href":"https:\/\/eoliadorion.com\/index.php\/wp-json\/wp\/v2\/types\/product"}],"replies":[{"embeddable":true,"href":"https:\/\/eoliadorion.com\/index.php\/wp-json\/wp\/v2\/comments?post=324"}],"wp:featuredmedia":[{"embeddable":true,"href":"https:\/\/eoliadorion.com\/index.php\/wp-json\/wp\/v2\/media\/325"}],"wp:attachment":[{"href":"https:\/\/eoliadorion.com\/index.php\/wp-json\/wp\/v2\/media?parent=324"}],"wp:term":[{"taxonomy":"product_brand","embeddable":true,"href":"https:\/\/eoliadorion.com\/index.php\/wp-json\/wp\/v2\/product_brand?post=324"},{"taxonomy":"product_cat","embeddable":true,"href":"https:\/\/eoliadorion.com\/index.php\/wp-json\/wp\/v2\/product_cat?post=324"},{"taxonomy":"product_tag","embeddable":true,"href":"https:\/\/eoliadorion.com\/index.php\/wp-json\/wp\/v2\/product_tag?post=324"}],"curies":[{"name":"wp","href":"https:\/\/api.w.org\/{rel}","templated":true}]}}